{"id":1127,"date":"2024-08-29T08:54:58","date_gmt":"2024-08-29T06:54:58","guid":{"rendered":"https:\/\/www.arcidiocesitrani.it\/cancelleria\/?post_type=wd-document&#038;p=1127"},"modified":"2024-08-29T09:00:08","modified_gmt":"2024-08-29T07:00:08","slug":"le-nuove-nomine-dellarcivescovo","status":"publish","type":"wd-document","link":"https:\/\/www.arcidiocesitrani.it\/cancelleria\/wd-document\/le-nuove-nomine-dellarcivescovo\/","title":{"rendered":"LE NUOVE NOMINE DELL\u2019ARCIVESCOVO Prot. n\u00b0305-245-C1 29 Agosto 2024"},"content":{"rendered":"<h6 class=\"seed_wp_starter_so_sottotitolo\"><a href=\"https:\/\/www.arcidiocesitrani.it\/cancelleria\/wp-content\/uploads\/sites\/6\/2024\/08\/Prot.n.305-24-C1-Comunicazione-alla-Chiesa-diocesana-nuove-nomine-2024.pdf\"><img loading=\"lazy\" decoding=\"async\" class=\"alignnone wp-image-1056\" src=\"https:\/\/www.arcidiocesitrani.it\/cancelleria\/wp-content\/uploads\/sites\/6\/2024\/03\/pdf-155498_1280-300x300.png\" alt=\"\" width=\"186\" height=\"186\" srcset=\"https:\/\/www.arcidiocesitrani.it\/cancelleria\/wp-content\/uploads\/sites\/6\/2024\/03\/pdf-155498_1280-300x300.png 300w, https:\/\/www.arcidiocesitrani.it\/cancelleria\/wp-content\/uploads\/sites\/6\/2024\/03\/pdf-155498_1280-1024x1024.png 1024w, https:\/\/www.arcidiocesitrani.it\/cancelleria\/wp-content\/uploads\/sites\/6\/2024\/03\/pdf-155498_1280-150x150.png 150w, https:\/\/www.arcidiocesitrani.it\/cancelleria\/wp-content\/uploads\/sites\/6\/2024\/03\/pdf-155498_1280-768x768.png 768w, https:\/\/www.arcidiocesitrani.it\/cancelleria\/wp-content\/uploads\/sites\/6\/2024\/03\/pdf-155498_1280-600x600.png 600w, https:\/\/www.arcidiocesitrani.it\/cancelleria\/wp-content\/uploads\/sites\/6\/2024\/03\/pdf-155498_1280-1200x1200.png 1200w, https:\/\/www.arcidiocesitrani.it\/cancelleria\/wp-content\/uploads\/sites\/6\/2024\/03\/pdf-155498_1280-800x800.png 800w, https:\/\/www.arcidiocesitrani.it\/cancelleria\/wp-content\/uploads\/sites\/6\/2024\/03\/pdf-155498_1280.png 1280w\" sizes=\"(max-width: 186px) 100vw, 186px\" \/><\/a> <a href=\"https:\/\/www.arcidiocesitrani.it\/cancelleria\/wp-content\/uploads\/sites\/6\/2024\/08\/Prot.n.305-24-C1-Comunicazione-alla-Chiesa-diocesana-nuove-nomine-2024.pdf\">Prot.n.305-24-C1 Comunicazione alla Chiesa diocesana nuove nomine 2024<\/a><\/h6>\n<h2 class=\"seed_wp_starter_so_sottotitolo\">Cammino sinodale,\u00a0 missione e corresponsabilit\u00e0 i criteri ispiratori<\/h2>\n<p>L\u2019Ufficio diocesano di Cancelleria ha reso noto la \u201cComunicazione alla Chiesa diocesana relativa alle nomine per alcuni Uffici e Incarichi pastorali\u201d di mons. Leonardo D\u2019Ascenzo, Arcivescovo di Trani-Barletta-Bisceglie.<\/p>\n<p>La missiva, datata 29 agosto 2024, si apre con un messaggio esplicativo circa le ragioni di fondo alla base delle nomine operate dall\u2019Arcivescovo:<\/p>\n<p><em>\u00abCarissime e Carissimi,<\/em><\/p>\n<p><em>\u00a0la nostra Arcidiocesi. pienamente partecipe del cammino sinodale delle Chiese in Italia, intende continuare quel processo di riforma, nella disponibilit\u00e0 allo Spirito Santo, per un\u2019autentica conversione sinodale e missionaria.<\/em><\/p>\n<p><em>Alla luce di tale cammino sono da intendersi le nuove nomine di collaboratori che condividano con me la sollecitudine per l\u2019evangelizzazione, in particolare quelle relative agli Uffici e Servizi diocesani che prevedono una pi\u00f9 spiccata sensibilit\u00e0 e corresponsabilit\u00e0 sinodali.<\/em><\/p>\n<p><em>Colgo l\u2019occasione per ringraziare sia quanti, prodigandosi al meglio con le loro risorse e le loro competenze, hanno concluso il loro mandato, sia coloro che, offrendo generosamente il loro s\u00ec per il bene della comunit\u00e0 diocesana, si sono resi disponibili per i nuovi incarichi.<\/em><\/p>\n<p><em>Le seguenti nomine decorrono dal l\u00b0 ottobre p.v.\u00bb.<\/em><\/p>\n<p><strong>UFFICI E SERVIZI DIOCESANI<\/strong><\/p>\n<ul>\n<li><strong>Sig.ra Stefania STEFANACHI<\/strong>,\u00a0<strong>Sig.ra Angela LATTANZIO<\/strong>,\u00a0<strong>Sr. Maddalena LONGOBARDI<\/strong>, Codirettrici dell\u2019Ufficio per la Catechesi;<\/li>\n<li><strong>Sig. Savino DI PERNA<\/strong>,\u00a0<strong>Sig.ra Arcangela DELCURATOLO<\/strong>,\u00a0<strong>Diac. Giuseppe LISO<\/strong>,\u00a0<strong>Sig.ra Gina SCARINGELLA<\/strong>, Codirettori dell\u2019Ufficio Famiglia e Vita;<\/li>\n<li><strong>Sac. Aurelio CARELLA<\/strong>,\u00a0<strong>Sig. Angelo LAROSA<\/strong>,\u00a0<strong>Sig.ra Martina PERRONE<\/strong>, Codirettori del Servizio di Pastorale Giovanile.<\/li>\n<\/ul>\n<p>&nbsp;<\/p>\n<p><strong>ALTRI INCARICHI PASTORALI<\/strong><\/p>\n<ul>\n<li><strong>P. Paolo DICORATO, OMD<\/strong>, Amministratore parrocchiale della parrocchia \u201cBeata Maria SS.ma del Rosario\u201d in S. Ferdinando di Puglia (dal 10 settembre);<\/li>\n<li><strong>Sac. Pasquale QUERCIA<\/strong>, Amministratore parrocchiale della parrocchia \u201cS. Chiara\u201d in Trani;<\/li>\n<li><strong>Sac. Matteo LOSAPIO<\/strong>, Vicario parrocchiale della parrocchia \u201cSacra Famiglia\u201d in Barletta;<\/li>\n<li><strong>Sac. Massimo SERIO<\/strong>, Collaboratore parrocchiale della parrocchia \u201cS. Lucia\u201d in Barletta;<\/li>\n<li><strong>Sac. Domenico BRUNO<\/strong>, Vicario parrocchiale della parrocchia \u201cS. Silvestro\u201d in Bisceglie;<\/li>\n<li><strong>Sac. Alessandro FARANO<\/strong>, Cappellano delle Suore Ancelle della Divina Provvidenza e Incaricato per l\u2019assistenza religiosa presso \u201cUniverso Salute \u2013 Opera Don Uva\u201d in Bisceglie;<\/li>\n<li><strong>Sac. Francesco LATTANZIO<\/strong>, Vicario parrocchiale della parrocchia \u201cS. Giuseppe\u201d in Corato;<\/li>\n<li><strong>Sac. Giuseppe PAVONE<\/strong>, Assistente diocesano Unitario e del Settore Adulti di Azione Cattolica;<\/li>\n<li><strong>Sac. Domenico Savio PIERRO<\/strong>, Assistente diocesano del Settore Giovani e del Movimento Studenti di Azione Cattolica;<\/li>\n<li><strong>Sac. Michele PIAZZOLLA<\/strong>, Assistente diocesano dell\u2019Azione Cattolica Ragazzi e Responsabile della Sezione dell\u2019Ufficio Matrimoni per la zona pastorale \u201cofantina\u201d di Margherita di Savoia, Trinitapoli e S. Ferdinando di Puglia.<\/li>\n<\/ul>\n<p>Mons. D\u2019Ascenzo chiude \u00a0il documento con le seguenti parole:\u00a0\u00a0<em>\u00abInvito tutti i membri del popolo di Dio ad accogliere quanti sono stati nominati con stima e fiducia, sostenendoli con la preghiera e la fattiva collaborazione. A tutti auguro un proficuo servizio pastorale in favore della comunione ecclesiale.<\/em><\/p>\n<p>&nbsp;<\/p>\n","protected":false},"excerpt":{"rendered":"<p>Prot.n.305-24-C1 Comunicazione alla Chiesa diocesana nuove nomine 2024 Cammino sinodale,\u00a0 missione e corresponsabilit\u00e0 i criteri ispiratori L\u2019Ufficio diocesano di Cancelleria ha reso noto la \u201cComunicazione alla Chiesa diocesana relativa alle nomine per alcuni Uffici e Incarichi pastorali\u201d di mons. Leonardo D\u2019Ascenzo, Arcivescovo di Trani-Barletta-Bisceglie. La missiva, datata 29 agosto 2024, si apre con un messaggio esplicativo circa le ragioni di fondo alla base delle nomine &hellip; <a href=\"https:\/\/www.arcidiocesitrani.it\/cancelleria\/wd-document\/le-nuove-nomine-dellarcivescovo\/\" class=\"more-link\">Continua a leggere <span class=\"screen-reader-text\"><\/span> <span class=\"meta-nav\">&raquo;<\/span><\/a><\/p>\n","protected":false},"featured_media":0,"template":"","tags":[400],"document_type":[395],"bulletin_ss":[],"author_ss":[390],"acf":[],"_links":{"self":[{"href":"https:\/\/www.arcidiocesitrani.it\/cancelleria\/wp-json\/wp\/v2\/wd-document\/1127"}],"collection":[{"href":"https:\/\/www.arcidiocesitrani.it\/cancelleria\/wp-json\/wp\/v2\/wd-document"}],"about":[{"href":"https:\/\/www.arcidiocesitrani.it\/cancelleria\/wp-json\/wp\/v2\/types\/wd-document"}],"wp:attachment":[{"href":"https:\/\/www.arcidiocesitrani.it\/cancelleria\/wp-json\/wp\/v2\/media?parent=1127"}],"wp:term":[{"taxonomy":"post_tag","embeddable":true,"href":"https:\/\/www.arcidiocesitrani.it\/cancelleria\/wp-json\/wp\/v2\/tags?post=1127"},{"taxonomy":"document_type_ss","embeddable":true,"href":"https:\/\/www.arcidiocesitrani.it\/cancelleria\/wp-json\/wp\/v2\/document_type?post=1127"},{"taxonomy":"bulletin_ss","embeddable":true,"href":"https:\/\/www.arcidiocesitrani.it\/cancelleria\/wp-json\/wp\/v2\/bulletin_ss?post=1127"},{"taxonomy":"author_ss","embeddable":true,"href":"https:\/\/www.arcidiocesitrani.it\/cancelleria\/wp-json\/wp\/v2\/author_ss?post=1127"}],"curies":[{"name":"wp","href":"https:\/\/api.w.org\/{rel}","templated":true}]}}

<h6 class="seed_wp_starter_so_sottotitolo"><a href="https://www.arcidiocesitrani.it/cancelleria/wp-content/uploads/sites/6/2024/08/Prot.n.305-24-C1-Comunicazione-alla-Chiesa-diocesana-nuove-nomine-2024.pdf"><img loading="lazy" decoding="async" class="alignnone wp-image-1056" src="https://www.arcidiocesitrani.it/cancelleria/wp-content/uploads/sites/6/2024/03/pdf-155498_1280-300x300.png" alt="" width="186" height="186" srcset="https://www.arcidiocesitrani.it/cancelleria/wp-content/uploads/sites/6/2024/03/pdf-155498_1280-300x300.png 300w, https://www.arcidiocesitrani.it/cancelleria/wp-content/uploads/sites/6/2024/03/pdf-155498_1280-1024x1024.png 1024w, https://www.arcidiocesitrani.it/cancelleria/wp-content/uploads/sites/6/2024/03/pdf-155498_1280-150x150.png 150w, https://www.arcidiocesitrani.it/cancelleria/wp-content/uploads/sites/6/2024/03/pdf-155498_1280-768x768.png 768w, https://www.arcidiocesitrani.it/cancelleria/wp-content/uploads/sites/6/2024/03/pdf-155498_1280-600x600.png 600w, https://www.arcidiocesitrani.it/cancelleria/wp-content/uploads/sites/6/2024/03/pdf-155498_1280-1200x1200.png 1200w, https://www.arcidiocesitrani.it/cancelleria/wp-content/uploads/sites/6/2024/03/pdf-155498_1280-800x800.png 800w, https://www.arcidiocesitrani.it/cancelleria/wp-content/uploads/sites/6/2024/03/pdf-155498_1280.png 1280w" sizes="(max-width: 186px) 100vw, 186px" /></a> <a href="https://www.arcidiocesitrani.it/cancelleria/wp-content/uploads/sites/6/2024/08/Prot.n.305-24-C1-Comunicazione-alla-Chiesa-diocesana-nuove-nomine-2024.pdf">Prot.n.305-24-C1 Comunicazione alla Chiesa diocesana nuove nomine 2024</a></h6>
<h2 class="seed_wp_starter_so_sottotitolo">Cammino sinodale,  missione e corresponsabilità i criteri ispiratori</h2>
<p>L’Ufficio diocesano di Cancelleria ha reso noto la “Comunicazione alla Chiesa diocesana relativa alle nomine per alcuni Uffici e Incarichi pastorali” di mons. Leonardo D’Ascenzo, Arcivescovo di Trani-Barletta-Bisceglie.</p>
<p>La missiva, datata 29 agosto 2024, si apre con un messaggio esplicativo circa le ragioni di fondo alla base delle nomine operate dall’Arcivescovo:</p>
<p><em>«Carissime e Carissimi,</em></p>
<p><em> la nostra Arcidiocesi. pienamente partecipe del cammino sinodale delle Chiese in Italia, intende continuare quel processo di riforma, nella disponibilità allo Spirito Santo, per un’autentica conversione sinodale e missionaria.</em></p>
<p><em>Alla luce di tale cammino sono da intendersi le nuove nomine di collaboratori che condividano con me la sollecitudine per l’evangelizzazione, in particolare quelle relative agli Uffici e Servizi diocesani che prevedono una più spiccata sensibilità e corresponsabilità sinodali.</em></p>
<p><em>Colgo l’occasione per ringraziare sia quanti, prodigandosi al meglio con le loro risorse e le loro competenze, hanno concluso il loro mandato, sia coloro che, offrendo generosamente il loro sì per il bene della comunità diocesana, si sono resi disponibili per i nuovi incarichi.</em></p>
<p><em>Le seguenti nomine decorrono dal l° ottobre p.v.».</em></p>
<p><strong>UFFICI E SERVIZI DIOCESANI</strong></p>
<ul>
<li><strong>Sig.ra Stefania STEFANACHI</strong>, <strong>Sig.ra Angela LATTANZIO</strong>, <strong>Sr. Maddalena LONGOBARDI</strong>, Codirettrici dell’Ufficio per la Catechesi;</li>
<li><strong>Sig. Savino DI PERNA</strong>, <strong>Sig.ra Arcangela DELCURATOLO</strong>, <strong>Diac. Giuseppe LISO</strong>, <strong>Sig.ra Gina SCARINGELLA</strong>, Codirettori dell’Ufficio Famiglia e Vita;</li>
<li><strong>Sac. Aurelio CARELLA</strong>, <strong>Sig. Angelo LAROSA</strong>, <strong>Sig.ra Martina PERRONE</strong>, Codirettori del Servizio di Pastorale Giovanile.</li>
</ul>
<p>&nbsp;</p>
<p><strong>ALTRI INCARICHI PASTORALI</strong></p>
<ul>
<li><strong>P. Paolo DICORATO, OMD</strong>, Amministratore parrocchiale della parrocchia “Beata Maria SS.ma del Rosario” in S. Ferdinando di Puglia (dal 10 settembre);</li>
<li><strong>Sac. Pasquale QUERCIA</strong>, Amministratore parrocchiale della parrocchia “S. Chiara” in Trani;</li>
<li><strong>Sac. Matteo LOSAPIO</strong>, Vicario parrocchiale della parrocchia “Sacra Famiglia” in Barletta;</li>
<li><strong>Sac. Massimo SERIO</strong>, Collaboratore parrocchiale della parrocchia “S. Lucia” in Barletta;</li>
<li><strong>Sac. Domenico BRUNO</strong>, Vicario parrocchiale della parrocchia “S. Silvestro” in Bisceglie;</li>
<li><strong>Sac. Alessandro FARANO</strong>, Cappellano delle Suore Ancelle della Divina Provvidenza e Incaricato per l’assistenza religiosa presso “Universo Salute – Opera Don Uva” in Bisceglie;</li>
<li><strong>Sac. Francesco LATTANZIO</strong>, Vicario parrocchiale della parrocchia “S. Giuseppe” in Corato;</li>
<li><strong>Sac. Giuseppe PAVONE</strong>, Assistente diocesano Unitario e del Settore Adulti di Azione Cattolica;</li>
<li><strong>Sac. Domenico Savio PIERRO</strong>, Assistente diocesano del Settore Giovani e del Movimento Studenti di Azione Cattolica;</li>
<li><strong>Sac. Michele PIAZZOLLA</strong>, Assistente diocesano dell’Azione Cattolica Ragazzi e Responsabile della Sezione dell’Ufficio Matrimoni per la zona pastorale “ofantina” di Margherita di Savoia, Trinitapoli e S. Ferdinando di Puglia.</li>
</ul>
<p>Mons. D’Ascenzo chiude  il documento con le seguenti parole:  <em>«Invito tutti i membri del popolo di Dio ad accogliere quanti sono stati nominati con stima e fiducia, sostenendoli con la preghiera e la fattiva collaborazione. A tutti auguro un proficuo servizio pastorale in favore della comunione ecclesiale.</em></p>
<p>&nbsp;</p>

<p>Prot.n.305-24-C1 Comunicazione alla Chiesa diocesana nuove nomine 2024 Cammino sinodale,  missione e corresponsabilità i criteri ispiratori L’Ufficio diocesano di Cancelleria ha reso noto la “Comunicazione alla Chiesa diocesana relativa alle nomine per alcuni Uffici e Incarichi pastorali” di mons. Leonardo D’Ascenzo, Arcivescovo di Trani-Barletta-Bisceglie. La missiva, datata 29 agosto 2024, si apre con un messaggio esplicativo circa le ragioni di fondo alla base delle nomine &hellip; <a href="https://www.arcidiocesitrani.it/cancelleria/wd-document/le-nuove-nomine-dellarcivescovo/" class="more-link">Continua a leggere <span class="screen-reader-text"></span> <span class="meta-nav">&raquo;</span></a></p>
