{"id":928,"date":"2024-02-16T16:21:03","date_gmt":"2024-02-16T15:21:03","guid":{"rendered":"https:\/\/www.arcidiocesitrani.it\/cancelleria\/?post_type=wd-document&#038;p=928"},"modified":"2024-02-16T16:21:03","modified_gmt":"2024-02-16T15:21:03","slug":"e-tempo-di-agire-e-in-quaresima-agire-e-anche-fermarsi-messaggio-dellarcivescovo-per-la-quaresima","status":"publish","type":"wd-document","link":"https:\/\/www.arcidiocesitrani.it\/cancelleria\/wd-document\/e-tempo-di-agire-e-in-quaresima-agire-e-anche-fermarsi-messaggio-dellarcivescovo-per-la-quaresima\/","title":{"rendered":"\u00abE\u2019 tempo di agire,\u00a0 e in Quaresima  agire \u00e8 anche fermarsi\u00bb.  \u00a0  Messaggio dell\u2019Arcivescovo per la Quaresima"},"content":{"rendered":"<p>&nbsp;<\/p>\n<p>Carissimi,<\/p>\n<p>nell\u2019approssimarsi della Quaresima, sono qui per offrirvi alcune riflessioni che traggono ispirazione dal Messaggio del Santo Padre Francesco per questo tempo, a cui rimando.<\/p>\n<p>In esso\u00a0 \u00e8 continuo il richiamo alla Parola di Dio, che deve avere un ruolo centrale per la riflessione, meditazione e preghiera, finalizzate alla nostra conversione.<\/p>\n<p>Il messaggio del Papa ha per titolo <em>\u201cAttraverso il deserto Dio ci guida verso la libert\u00e0\u201d. <\/em><\/p>\n<p>Il tema della libert\u00e0 si pone come attuale per noi oggi, come per le generazioni passate, come per l\u2019antico\u00a0 Popolo di Israele.<\/p>\n<p>La Sacra Scrittura continuamente fa riferimento alla storia tormentata e altalenante di un Popolo che vive il dramma della schiavit\u00f9. Quella vissuta \u00e8 una condizione di prigionia, di sottomissione, di asservimento politico, ma anche di peccato con le conseguenze sul piano individuale, collettivo e sociale.<\/p>\n<p>Il Popolo eleva al Signore la propria preghiera chiedendo la liberazione, la libert\u00e0. La storia della salvezza, cos\u00ec come \u00e8 narrata nei testi sacri, \u00e8 una storia che continuamente si dipana tra il Popolo che sperimenta la caduta e la sottomissione e invoca la liberazione ed un Dio che \u00e8 sempre pronto ad ascoltare e a donare quanto richiesto: \u00abHo osservato la miseria del mio Popolo in Egitto e ho udito il suo grido a causa dei suoi sovrintendenti: conosco le sue sofferenze. Sono sceso per liberarlo dal potere dell\u2019Egitto e per farlo salire da questa terra verso una bella e spaziosa, verso una terra dove scorrono latte e miele \u00bb. Sono le parole che Dio rivolge a Mos\u00e8 nell\u2019esperienza del roveto ardente (Es 3, 7-8)<\/p>\n<p>Anche la nostra storia \u00e8 attraversata dalla schiavit\u00f9\u00a0 e dalla\u00a0 caduta nel peccato! E spesso questa condizione assume vaste proporzioni fino a coinvolgere nuclei familiari, gruppi pi\u00f9 estesi, persino popoli che vivono le conseguenze della guerra con il suo lascito di distruzione e di morte.<\/p>\n<p>E\u2019 quanto mai attuale il monito nonch\u00e9 l\u2019invito di Papa Francesco a <em>\u201cvedere la realt\u00e0\u201d<\/em>: \u00abIl cammino quaresimale sar\u00e0 concreto se, (\u2026) confesseremo che ancora oggi siamo sotto il dominio del Faraone. \u00c8 un dominio che ci rende esausti e insensibili. \u00c8 un modello di crescita che ci divide e ci ruba il futuro. La terra, l\u2019aria e l\u2019acqua ne sono inquinate, ma anche le anime ne vengono contaminate. Infatti, sebbene col battesimo la nostra liberazione sia iniziata, rimane in noi una inspiegabile nostalgia della schiavit\u00f9. \u00c8 come un\u2019attrazione verso la sicurezza delle cose gi\u00e0 viste, a discapito della libert\u00e0\u00bb.<\/p>\n<p>A questo quadro vanno aggiunti quegli idoli oggi imperanti che contaminano le fibre pi\u00f9 profonde delle coscienze. Il Santo Padre ne fa un elenco: \u00abPotere tutto, essere riconosciuti da tutti, avere la meglio su tutti: ogni essere umano avverte la seduzione di questa menzogna dentro di s\u00e9. E\u2019 una vecchia strada. Possiamo cos\u00ec attaccarci al denaro, a certi progetti, idee, obiettivo, alla nostra posizione, a una tradizione, persino ad alcune persone\u00bb.<\/p>\n<p>Pertanto,\u00a0 \u00abE\u2019 tempo di agire, e in Quaresima <em>agire \u00e8 anche fermarsi<\/em>\u00bb. Fermarsi nella <em>preghiera, elemosina e digiuno <\/em>che \u00abnon sono tre esercizi indipendenti, ma un unico movimento di apertura, di svuotamento: fuori gli idoli che ci appesantiscono, via gli attaccamenti che ci imprigionano\u00bb.<\/p>\n<p>Un messaggio quello del Papa che si pone anche nell\u2019ottica della pi\u00f9 recente scelta pastorale da lui indicata e da noi perseguita: \u00abLa forma sinodale della Chiesa, che in questi anni stiamo riscoprendo e coltivando, suggerisce che la Quaresima sia anche\u00a0<em>tempo di decisioni comunitarie<\/em>, di piccole e grandi scelte controcorrente, capaci di modificare la quotidianit\u00e0 delle persone e la vita di un quartiere: le abitudini negli acquisti, la cura del creato, l\u2019inclusione di chi non \u00e8 visto o \u00e8 disprezzato. Invito ogni comunit\u00e0 cristiana a fare questo: offrire ai propri fedeli momenti in cui ripensare gli stili di vita; darsi il tempo per verificare la propria presenza nel territorio e il contributo a renderlo migliore. Guai se la penitenza cristiana fosse come quella che rattristava Ges\u00f9. Egli dice anche a noi: \u201cNon diventate malinconici come gli ipocriti, che assumono un\u2019aria disfatta per far vedere agli altri che digiunano\u201d (<em>Mt<\/em>\u00a06,16). Si veda piuttosto la gioia sui volti, si senta il profumo della libert\u00e0, si sprigioni quell\u2019amore che fa nuove tutte le cose, cominciando dalle pi\u00f9 piccole e vicine. In ogni comunit\u00e0 cristiana questo pu\u00f2 avvenire\u00bb.<\/p>\n<p>A tutti voi, auguro una santa Quaresima.<\/p>\n<p>Trani, 14 febbraio 2024<\/p>\n<p><strong><a href=\"https:\/\/www.arcidiocesitrani.it\/wp-content\/uploads\/sites\/2\/2024\/02\/Messaggio-Arcivescovo-Quaresima-2024-1.pdf\">Messaggio Arcivescovo Quaresima 2024<\/a><\/strong><\/p>\n","protected":false},"excerpt":{"rendered":"<p>&nbsp; Carissimi, nell\u2019approssimarsi della Quaresima, sono qui per offrirvi alcune riflessioni che traggono ispirazione dal Messaggio del Santo Padre Francesco per questo tempo, a cui rimando. In esso\u00a0 \u00e8 continuo il richiamo alla Parola di Dio, che deve avere un ruolo centrale per la riflessione, meditazione e preghiera, finalizzate alla nostra conversione. Il messaggio del Papa ha per titolo \u201cAttraverso il deserto Dio ci guida &hellip; <a href=\"https:\/\/www.arcidiocesitrani.it\/cancelleria\/wd-document\/e-tempo-di-agire-e-in-quaresima-agire-e-anche-fermarsi-messaggio-dellarcivescovo-per-la-quaresima\/\" class=\"more-link\">Continua a leggere <span class=\"screen-reader-text\"><\/span> <span class=\"meta-nav\">&raquo;<\/span><\/a><\/p>\n","protected":false},"featured_media":929,"template":"","tags":[],"document_type":[395],"bulletin_ss":[],"author_ss":[378],"acf":[],"_links":{"self":[{"href":"https:\/\/www.arcidiocesitrani.it\/cancelleria\/wp-json\/wp\/v2\/wd-document\/928"}],"collection":[{"href":"https:\/\/www.arcidiocesitrani.it\/cancelleria\/wp-json\/wp\/v2\/wd-document"}],"about":[{"href":"https:\/\/www.arcidiocesitrani.it\/cancelleria\/wp-json\/wp\/v2\/types\/wd-document"}],"wp:featuredmedia":[{"embeddable":true,"href":"https:\/\/www.arcidiocesitrani.it\/cancelleria\/wp-json\/wp\/v2\/media\/929"}],"wp:attachment":[{"href":"https:\/\/www.arcidiocesitrani.it\/cancelleria\/wp-json\/wp\/v2\/media?parent=928"}],"wp:term":[{"taxonomy":"post_tag","embeddable":true,"href":"https:\/\/www.arcidiocesitrani.it\/cancelleria\/wp-json\/wp\/v2\/tags?post=928"},{"taxonomy":"document_type_ss","embeddable":true,"href":"https:\/\/www.arcidiocesitrani.it\/cancelleria\/wp-json\/wp\/v2\/document_type?post=928"},{"taxonomy":"bulletin_ss","embeddable":true,"href":"https:\/\/www.arcidiocesitrani.it\/cancelleria\/wp-json\/wp\/v2\/bulletin_ss?post=928"},{"taxonomy":"author_ss","embeddable":true,"href":"https:\/\/www.arcidiocesitrani.it\/cancelleria\/wp-json\/wp\/v2\/author_ss?post=928"}],"curies":[{"name":"wp","href":"https:\/\/api.w.org\/{rel}","templated":true}]}}

«E’ tempo di agire,  e in Quaresima  agire è anche fermarsi».     Messaggio dell’Arcivescovo per la Quaresima

<p>&nbsp;</p>
<p>Carissimi,</p>
<p>nell’approssimarsi della Quaresima, sono qui per offrirvi alcune riflessioni che traggono ispirazione dal Messaggio del Santo Padre Francesco per questo tempo, a cui rimando.</p>
<p>In esso  è continuo il richiamo alla Parola di Dio, che deve avere un ruolo centrale per la riflessione, meditazione e preghiera, finalizzate alla nostra conversione.</p>
<p>Il messaggio del Papa ha per titolo <em>“Attraverso il deserto Dio ci guida verso la libertà”. </em></p>
<p>Il tema della libertà si pone come attuale per noi oggi, come per le generazioni passate, come per l’antico  Popolo di Israele.</p>
<p>La Sacra Scrittura continuamente fa riferimento alla storia tormentata e altalenante di un Popolo che vive il dramma della schiavitù. Quella vissuta è una condizione di prigionia, di sottomissione, di asservimento politico, ma anche di peccato con le conseguenze sul piano individuale, collettivo e sociale.</p>
<p>Il Popolo eleva al Signore la propria preghiera chiedendo la liberazione, la libertà. La storia della salvezza, così come è narrata nei testi sacri, è una storia che continuamente si dipana tra il Popolo che sperimenta la caduta e la sottomissione e invoca la liberazione ed un Dio che è sempre pronto ad ascoltare e a donare quanto richiesto: «Ho osservato la miseria del mio Popolo in Egitto e ho udito il suo grido a causa dei suoi sovrintendenti: conosco le sue sofferenze. Sono sceso per liberarlo dal potere dell’Egitto e per farlo salire da questa terra verso una bella e spaziosa, verso una terra dove scorrono latte e miele ». Sono le parole che Dio rivolge a Mosè nell’esperienza del roveto ardente (Es 3, 7-8)</p>
<p>Anche la nostra storia è attraversata dalla schiavitù  e dalla  caduta nel peccato! E spesso questa condizione assume vaste proporzioni fino a coinvolgere nuclei familiari, gruppi più estesi, persino popoli che vivono le conseguenze della guerra con il suo lascito di distruzione e di morte.</p>
<p>E’ quanto mai attuale il monito nonché l’invito di Papa Francesco a <em>“vedere la realtà”</em>: «Il cammino quaresimale sarà concreto se, (…) confesseremo che ancora oggi siamo sotto il dominio del Faraone. È un dominio che ci rende esausti e insensibili. È un modello di crescita che ci divide e ci ruba il futuro. La terra, l’aria e l’acqua ne sono inquinate, ma anche le anime ne vengono contaminate. Infatti, sebbene col battesimo la nostra liberazione sia iniziata, rimane in noi una inspiegabile nostalgia della schiavitù. È come un’attrazione verso la sicurezza delle cose già viste, a discapito della libertà».</p>
<p>A questo quadro vanno aggiunti quegli idoli oggi imperanti che contaminano le fibre più profonde delle coscienze. Il Santo Padre ne fa un elenco: «Potere tutto, essere riconosciuti da tutti, avere la meglio su tutti: ogni essere umano avverte la seduzione di questa menzogna dentro di sé. E’ una vecchia strada. Possiamo così attaccarci al denaro, a certi progetti, idee, obiettivo, alla nostra posizione, a una tradizione, persino ad alcune persone».</p>
<p>Pertanto,  «E’ tempo di agire, e in Quaresima <em>agire è anche fermarsi</em>». Fermarsi nella <em>preghiera, elemosina e digiuno </em>che «non sono tre esercizi indipendenti, ma un unico movimento di apertura, di svuotamento: fuori gli idoli che ci appesantiscono, via gli attaccamenti che ci imprigionano».</p>
<p>Un messaggio quello del Papa che si pone anche nell’ottica della più recente scelta pastorale da lui indicata e da noi perseguita: «La forma sinodale della Chiesa, che in questi anni stiamo riscoprendo e coltivando, suggerisce che la Quaresima sia anche <em>tempo di decisioni comunitarie</em>, di piccole e grandi scelte controcorrente, capaci di modificare la quotidianità delle persone e la vita di un quartiere: le abitudini negli acquisti, la cura del creato, l’inclusione di chi non è visto o è disprezzato. Invito ogni comunità cristiana a fare questo: offrire ai propri fedeli momenti in cui ripensare gli stili di vita; darsi il tempo per verificare la propria presenza nel territorio e il contributo a renderlo migliore. Guai se la penitenza cristiana fosse come quella che rattristava Gesù. Egli dice anche a noi: “Non diventate malinconici come gli ipocriti, che assumono un’aria disfatta per far vedere agli altri che digiunano” (<em>Mt</em> 6,16). Si veda piuttosto la gioia sui volti, si senta il profumo della libertà, si sprigioni quell’amore che fa nuove tutte le cose, cominciando dalle più piccole e vicine. In ogni comunità cristiana questo può avvenire».</p>
<p>A tutti voi, auguro una santa Quaresima.</p>
<p>Trani, 14 febbraio 2024</p>
<p><strong><a href="https://www.arcidiocesitrani.it/wp-content/uploads/sites/2/2024/02/Messaggio-Arcivescovo-Quaresima-2024-1.pdf">Messaggio Arcivescovo Quaresima 2024</a></strong></p>

<p>&nbsp; Carissimi, nell’approssimarsi della Quaresima, sono qui per offrirvi alcune riflessioni che traggono ispirazione dal Messaggio del Santo Padre Francesco per questo tempo, a cui rimando. In esso  è continuo il richiamo alla Parola di Dio, che deve avere un ruolo centrale per la riflessione, meditazione e preghiera, finalizzate alla nostra conversione. Il messaggio del Papa ha per titolo “Attraverso il deserto Dio ci guida &hellip; <a href="https://www.arcidiocesitrani.it/cancelleria/wd-document/e-tempo-di-agire-e-in-quaresima-agire-e-anche-fermarsi-messaggio-dellarcivescovo-per-la-quaresima/" class="more-link">Continua a leggere <span class="screen-reader-text"></span> <span class="meta-nav">&raquo;</span></a></p>
