{"id":990,"date":"2024-03-05T16:48:20","date_gmt":"2024-03-05T15:48:20","guid":{"rendered":"https:\/\/www.arcidiocesitrani.it\/caritas\/?page_id=990"},"modified":"2024-07-25T10:36:40","modified_gmt":"2024-07-25T08:36:40","slug":"lanimazione-della-comunita-1-incontro","status":"publish","type":"page","link":"https:\/\/www.arcidiocesitrani.it\/caritas\/lanimazione-della-comunita-1-incontro\/","title":{"rendered":"L\u2019animazione della comunit\u00e0 1\u00b0 Incontro"},"content":{"rendered":"<div id=\"pl-990\"  class=\"panel-layout\" ><div id=\"pg-990-0\"  class=\"panel-grid panel-no-style\" ><div id=\"pgc-990-0-0\"  class=\"panel-grid-cell\" ><div id=\"panel-990-0-0-0\" class=\"so-panel widget widget_sow-editor panel-first-child panel-last-child\" data-index=\"0\" ><div\n\t\t\t\n\t\t\tclass=\"so-widget-sow-editor so-widget-sow-editor-base\"\n\t\t\t\n\t\t>\n<div class=\"siteorigin-widget-tinymce textwidget\">\n\t<h6><strong><a href=\"https:\/\/www.arcidiocesitrani.it\/caritas\/wp-content\/uploads\/sites\/11\/2024\/07\/1-Preghiera_Animazione-della-Comunita.pdf\">1 Preghiera_Animazione della Comunit\u00e0<\/a><\/strong><\/h6>\n<h6><strong><a href=\"https:\/\/www.arcidiocesitrani.it\/caritas\/wp-content\/uploads\/sites\/11\/2024\/07\/1.2-Riflessione_Animazione-della-Comunita.pdf\">1.2 Riflessione_Animazione della Comunit\u00e0<\/a> <\/strong><\/h6>\n<h6><strong><a href=\"https:\/\/www.arcidiocesitrani.it\/caritas\/wp-content\/uploads\/sites\/11\/2024\/07\/1.3-Presentazione_percorso-Formativo-Zemmer.pdf\">1.3 Presentazione_percorso Formativo Zemmer<\/a> <\/strong><\/h6>\n<h6><strong><a href=\"https:\/\/www.arcidiocesitrani.it\/caritas\/wp-content\/uploads\/sites\/11\/2024\/07\/1.4-Intervento-diac.-Ruggiero.pdf\">1.4 Intervento diac. Ruggiero<\/a> <\/strong><\/h6>\n<h6><strong><a href=\"https:\/\/www.arcidiocesitrani.it\/caritas\/wp-content\/uploads\/sites\/11\/2024\/07\/1.5-Identita-e-metodo-Caritas-Zemer.pdf\">1.5 Identit\u00e0 e metodo Caritas Zemer<\/a><\/strong><\/h6>\n<p><iframe loading=\"lazy\" title=\"L&#039;ANIMAZIONE DELLA COMUNITA&#039; 1\u00b0 INCONTRO 2\/3\/2024\" width=\"800\" height=\"450\" src=\"https:\/\/www.youtube.com\/embed\/hV_uaZjBdfE?feature=oembed\" frameborder=\"0\" allow=\"accelerometer; autoplay; clipboard-write; encrypted-media; gyroscope; picture-in-picture; web-share\" referrerpolicy=\"strict-origin-when-cross-origin\" allowfullscreen><\/iframe><\/p>\n<p>&nbsp;<\/p>\n<\/div>\n<\/div><\/div><\/div><div id=\"pgc-990-0-1\"  class=\"panel-grid-cell panel-grid-cell-empty panel-grid-cell-mobile-last\" ><\/div><div id=\"pgc-990-0-2\"  class=\"panel-grid-cell panel-grid-cell-empty\" ><\/div><\/div><div id=\"pg-990-1\"  class=\"panel-grid panel-no-style\" ><div id=\"pgc-990-1-0\"  class=\"panel-grid-cell panel-grid-cell-empty panel-grid-cell-mobile-last\" ><\/div><div id=\"pgc-990-1-1\"  class=\"panel-grid-cell panel-grid-cell-empty\" ><\/div><\/div><\/div><hr class=\"wpba_attachment_hr\"><div id='wpba_attachment_list' class='wpba wpba-wrap'>\n<ul class='wpba-attachment-list unstyled'><li id='wpba_attachment_list_1093' class='wpba-list-item pull-left'><img src='https:\/\/www.arcidiocesitrani.it\/caritas\/wp-content\/themes\/wp-starter-so\/icons\/document.png' width='16' height='20' class='wpba-icon pull-left'><a href='https:\/\/www.arcidiocesitrani.it\/caritas\/wp-content\/uploads\/sites\/11\/2024\/07\/1-Preghiera_Animazione-della-Comunita.pdf' title='1 Preghiera_Animazione della Comunit\u00e0' class='wpba-link pull-left' target=\"_blank\">1 Preghiera_Animazione della Comunit\u00e0<\/a><\/li>\n<li id='wpba_attachment_list_1094' class='wpba-list-item pull-left'><img src='https:\/\/www.arcidiocesitrani.it\/caritas\/wp-content\/themes\/wp-starter-so\/icons\/document.png' width='16' height='20' class='wpba-icon pull-left'><a href='https:\/\/www.arcidiocesitrani.it\/caritas\/wp-content\/uploads\/sites\/11\/2024\/07\/1.2-Riflessione_Animazione-della-Comunita.pdf' title='1.2 Riflessione_Animazione della Comunit\u00e0' class='wpba-link pull-left' target=\"_blank\">1.2 Riflessione_Animazione della Comunit\u00e0<\/a><\/li>\n<li id='wpba_attachment_list_1095' class='wpba-list-item pull-left'><img src='https:\/\/www.arcidiocesitrani.it\/caritas\/wp-content\/themes\/wp-starter-so\/icons\/document.png' width='16' height='20' class='wpba-icon pull-left'><a href='https:\/\/www.arcidiocesitrani.it\/caritas\/wp-content\/uploads\/sites\/11\/2024\/07\/1.3-Presentazione_percorso-Formativo-Zemmer.pdf' title='1.3 Presentazione_percorso Formativo Zemmer' class='wpba-link pull-left' target=\"_blank\">1.3 Presentazione_percorso Formativo Zemmer<\/a><\/li>\n<li id='wpba_attachment_list_1096' class='wpba-list-item pull-left'><img src='https:\/\/www.arcidiocesitrani.it\/caritas\/wp-content\/themes\/wp-starter-so\/icons\/document.png' width='16' height='20' class='wpba-icon pull-left'><a href='https:\/\/www.arcidiocesitrani.it\/caritas\/wp-content\/uploads\/sites\/11\/2024\/07\/1.4-Intervento-diac.-Ruggiero.pdf' title='1.4 Intervento diac. Ruggiero' class='wpba-link pull-left' target=\"_blank\">1.4 Intervento diac. Ruggiero<\/a><\/li>\n<li id='wpba_attachment_list_1097' class='wpba-list-item pull-left'><img src='https:\/\/www.arcidiocesitrani.it\/caritas\/wp-content\/themes\/wp-starter-so\/icons\/document.png' width='16' height='20' class='wpba-icon pull-left'><a href='https:\/\/www.arcidiocesitrani.it\/caritas\/wp-content\/uploads\/sites\/11\/2024\/07\/1.5-Identita-e-metodo-Caritas-Zemer.pdf' title='1.5 Identit\u00e0 e metodo Caritas Zemer' class='wpba-link pull-left' target=\"_blank\">1.5 Identit\u00e0 e metodo Caritas Zemer<\/a><\/li>\n<\/ul><\/div>\n","protected":false},"excerpt":{"rendered":"<p>1 Preghiera_Animazione della Comunit\u00e0 1.2 Riflessione_Animazione della Comunit\u00e0 1.3 Presentazione_percorso Formativo Zemmer 1.4 Intervento diac. Ruggiero 1.5 Identit\u00e0 e metodo Caritas Zemer https:\/\/youtu.be\/hV_uaZjBdfE &nbsp;<\/p>\n","protected":false},"author":9,"featured_media":0,"parent":0,"menu_order":0,"comment_status":"closed","ping_status":"closed","template":"","meta":{"_acf_changed":false,"ip_address":"","user_agent":"","level":"","revision":"","cookie_id":"","page_referer":"","html_form":"","footnotes":""},"acf":[],"_links":{"self":[{"href":"https:\/\/www.arcidiocesitrani.it\/caritas\/wp-json\/wp\/v2\/pages\/990"}],"collection":[{"href":"https:\/\/www.arcidiocesitrani.it\/caritas\/wp-json\/wp\/v2\/pages"}],"about":[{"href":"https:\/\/www.arcidiocesitrani.it\/caritas\/wp-json\/wp\/v2\/types\/page"}],"author":[{"embeddable":true,"href":"https:\/\/www.arcidiocesitrani.it\/caritas\/wp-json\/wp\/v2\/users\/9"}],"replies":[{"embeddable":true,"href":"https:\/\/www.arcidiocesitrani.it\/caritas\/wp-json\/wp\/v2\/comments?post=990"}],"version-history":[{"count":10,"href":"https:\/\/www.arcidiocesitrani.it\/caritas\/wp-json\/wp\/v2\/pages\/990\/revisions"}],"predecessor-version":[{"id":1167,"href":"https:\/\/www.arcidiocesitrani.it\/caritas\/wp-json\/wp\/v2\/pages\/990\/revisions\/1167"}],"wp:attachment":[{"href":"https:\/\/www.arcidiocesitrani.it\/caritas\/wp-json\/wp\/v2\/media?parent=990"}],"curies":[{"name":"wp","href":"https:\/\/api.w.org\/{rel}","templated":true}]}}